g**3 + 20*g**2. Calculate t(5).
-6
Let t(d) = d**3 + 5*d**2 + 2*d - 4. Let i be t(-4). Suppose 4*b = 12 - i. Let j(n) = -n**b + 2*n - 5*n + n. Determine j(-1).
1
Suppose t + 2*v + 8 = 0, 2*t = 6*t - 4*v - 28. Suppose -t*a - a + 6 = 0. Let j(r) = -2*r**3 + 2*r**2 + 2*r - 2. Determine j(a).
-6
Let a = -78 + 78. Let j(z) = -z**2 + z - 4. What is j(a)?
-4
Let b(y) be the third derivative of -y**6/120 - 2*y**5/15 - 3*y**4/8 - 3*y**3/2 - 5*y**2. Give b(-7).
5
Let i = 17 + -9. Let a(f) = -f**3 + 9*f**2 - 9*f + 10. Calculate a(i).
2
Let r(g) be the second derivative of 1/2*g**3 - 3/2*g**2 + 0 + 1/12*g**4 - g. Give r(-3).
-3
Let p(z) = 3*z + 2*z - 2*z**2 - 2*z**2 + 0*z**2 - 7 - z**3. Let v = 1 + -6. Determine p(v).
-7
Let t = -24 - -26. Let u(l) be the second derivative of 2*l + 0 + 1/3*l**3 + 2*l**t. What is u(-3)?
-2
Let n(u) = 3*u + 3. Suppose m + s = -3*s + 12, -2*m + s = 12. Let c(f) = 4*f + 12. Let q be c(m). Calculate n(q).
-9
Let j(q) = q**2 + 5*q + 9. Suppose 2*b + 12 = -2. What is j(b)?
23
Let y(i) = -i**2 + 4*i + 6. Suppose 6 = 5*l - 4*l. What is y(l)?
-6
Let i(d) = d**2 + 7*d + 6. Suppose 3*b - 9 = -0*b, 0 = -3*n - 2*b - 15. What is i(n)?
6
Let w(o) = o**3 + 4*o**2 + 2*o - 1. Let n(s) = s + 13. Let f be n(-9). Suppose f = -5*l - 11. Calculate w(l).
2
Let h = 13 + -15. Let z(l) = 5*l**3 + 2*l**2 + 6*l + 7. Let g(c) = c**3 + c + 1. Let u(k) = -4*g(k) + z(k). Determine u(h).
-1
Let u(b) be the second derivative of -b**4/12 - 2*b**3/3 - b**2/2 - 6*b. Give u(-4).
-1
Let b(z) be the third derivative of -z**4/12 - z**3/2 - z**2 - 8*z. Give b(-6).
9
Let w(l) = -4*l**3 - 17 + 13 + 6 - l + 2*l**3 - 3*l**2. Give w(-2).
8
Let x(t) = 5 + t + 5*t**2 - 4*t**2 + 0*t + 0. Let w(u) = u**3 - 6*u**2 + 6. Let i be w(6). Suppose -i*d = -d. Determine x(d).
5
Suppose -a = -n + 2, -5*a + 3*n + 0*n = 0. Suppose -a*f - 3 = 6. Let v(m) = -m**3 - 4*m**2 - 3*m + 2. Calculate v(f).
2
Let g(f) = 10*f**2 - 2*f + 1. Let r(y) = 20*y**2 - 4*y + 2. Let b(i) = -13*g(i) + 6*r(i). What is b(1)?
-9
Let l(p) = p**3 - 5*p**2 - 6*p - 1. Let f(v) be the second derivative of -v**3/6 + v**2/2 - 3*v. Let s be f(-5). Determine l(s).
-1
Let n(v) = -v**2 + 5*v + 7. Let u(p) = -2*p**2 + 14*p + 20. Let k(s) = 17*n(s) - 6*u(s). Determine k(1).
-5
Let k = 767 - 768. Let i(n) = 1 - 5*n**3 + n + 2*n - 2*n. Give i(k).
5
Let y(z) = z**2 - 2*z + 3. Suppose 4*x = -0*x + 20. Suppose v - x*t = 27, 4*t - 2 = v - 24. What is y(v)?
3
Let w(v) = v - 1. Suppose 0 = -i + 6*i. Suppose 4*m - 29 = -3*n, 0*n + 2*n + 3*m - 21 = i. What is w(n)?
2
Let v = -65 - -73. Let y(d) = -d**2 + 8*d + 1. Give y(v).
1
Suppose -3*s + 2 = -7. Let a(j) be the second derivative of 0 - j - 1/3*j**s - 1/2*j**2 - 1/6*j**4. Calculate a(-1).
-1
Let j be ((44/(-24))/(-11))/(4/6). Let t(q) be the first derivative of 3 + 5/3*q**3 - j*q**4 + 3/2*q**2 - 7*q. Give t(5).
8
Suppose v + 3 = 4*v + 3*w, -26 = -5*v + 2*w. Suppose 17 = -v*l + 5. Let h(s) = 3*s**3 + 4 - s - 3*s**3 + 2*s**2 + s**3. What is h(l)?
-2
Let i(p) = 19*p**2 + p + 11. Let b(k) = 6*k**2 + 3. Let m(s) = -7*b(s) + 2*i(s). Suppose -2*c - 13 = -5*u + 4, -2*u = 4*c - 2. What is m(c)?
-5
Let p(a) = 14 + a**3 + 23*a + 30*a - 54*a. Calculate p(0).
14
Let i(l) be the first derivative of l**4/4 + 2*l**3/3 + l**2/2 + 2*l + 14. What is i(-2)?
0
Let p(n) be the second derivative of -n**3/6 + 2*n**2 - n. Let x(l) = 3*l - 11. Let z(o) = -8*p(o) - 3*x(o). Suppose -2*s + 5*s = -12. Determine z(s).
5
Let v(a) = -a**2 + 4*a + 3. Suppose 2*d - 15 = -3*x, -3*d + 5*x + 4 = -9. What is v(d)?
-9
Let r = -18 + 28. Suppose 0*s + r = -5*s. Let g = -4 - s. Let b(m) = -m**2 + 2*m. Determine b(g).
-8
Let m be 2 - (-3 + (-5)/(-1)). Suppose -4*n + f - 5*f = m, 5*n + 30 = 5*f. Let i(r) = -3*r - 1. Calculate i(n).
8
Suppose c + c - 24 = 0. Suppose 2*w = -0*w + c. Let t(q) = q**3 - 5*q**2 - 5*q - 7. Give t(w).
-1
Let w(x) be the second derivative of -1/12*x**4 - 2*x + 3*x**2 + 0 - 5/6*x**3. Give w(-6).
0
Suppose -15 = 3*b + 2*b. Let s(n) = 5*n**3 - 10*n**2 + 18*n - 17. Let j(p) = -2*p**3 + 3*p**2 - 6*p + 6. Let d(f) = b*s(f) - 8*j(f). Calculate d(-7).
-4
Let b = 0 - -2. Let t(l) = 3*l**2 - b*l**3 - 3*l - 3*l**2 - 1 - 3*l**2. Let u be (4 - 4) + (-2 - 0). What is t(u)?
9
Let g(q) = q**3 + q**2 + 10. Suppose -8*p = -12*p. Determine g(p).
10
Let q(o) = o**2 + o + 1. Let a = -14 + 21. Let h = a - 7. What is q(h)?
1
Suppose -3*n + 10 = -4*a, 0 = -2*n - 2 - 2. Let g(l) = -l**3 - 5*l**2 - 2*l + 5. Let u(r) = -r. Let q(m) = g(m) - u(m). Determine q(a).
-7
Let o(v) = 9*v**2 - v + 2. Let h(z) = 7*z**2 - 2*z + 2. Let s(x) = 3*h(x) - 2*o(x). Calculate s(2).
6
Let m(w) be the first derivative of w**4/24 - 2*w**3/3 + 3*w**2/2 - 3. Let a(r) be the second derivative of m(r). Give a(5).
1
Let b(k) = k - 7. Let c(j) be the second derivative of j**2/2 + j. Let n(i) = b(i) + 4*c(i). Give n(-5).
-8
Let t(v) = -14*v**3 - 6*v**2 + 15*v - 17. Let g(d) = -5*d**3 - 2*d**2 + 5*d - 6. Let m(w) = 11*g(w) - 4*t(w). What is m(-4)?
-10
Let o = 13 - 8. Suppose 0 = 3*r + o*p + 6, -4*r + 4*p = -15 - 9. Let f(i) = r*i**2 + 2 - i**3 - i**2 - i**2. Determine f(2).
-2
Let d(l) = -2*l**2 + 1. Let r(s) = -2*s + 31. Let j be r(15). Give d(j).
-1
Let k(b) be the third derivative of 7*b**5/60 + b**4/12 + b**3/6 - b**2. Let z be (-10)/55 - 4/(-22). Suppose -3*w + 4 - 7 = z. Calculate k(w).
6
Let a(m) = -m**2 + 3*m - 1. Suppose 6*n - 4 - 8 = 0. Give a(n).
1
Suppose 2*l + 2*u - 4 = -2*l, 4*l = -4*u - 4. Let j(v) = -v**3 + 2*v**2 + 4*v. Give j(l).
3
Let d(z) = -4*z**2 - 1 - z**3 + z**2 - z + 0*z**2. Let r(j) = j + 2. Let l be r(0). Suppose -11 = 5*a - k, -2*a - l = -2*k + 4. Determine d(a).
-3
Let g(u) = -u**2 + u. Let t(b) = -3*b**2 - 5*b + 4. Let c(i) = 2*g(i) - t(i). Determine c(-6).
-10
Let i(j) = -2*j**2 + 4*j**3 - 2*j + 4*j**3 - 3*j. Let y(a) = 4*a**3 - a**2 - 2*a. Let c(m) = 2*i(m) - 5*y(m). Determine c(-1).
5
Let m = -1 + 1. Let o(t) = 7*t + 8. Let z(q) = 4*q + 4. Let f(n) = 3*o(n) - 5*z(n). Give f(m).
4
Let i = -8 - -12. Let q(b) = 3 - 6 + 3 - i + b. Let o(w) = w**2 + 4*w - 8. Let j be o(-6). Give q(j).
0
Let d(q) = -2*q**3 - 8*q**2 - q + 5. Suppose 3*y - 6*y = -9. Let o(s) = 3*s**3 + 15*s**2 + 3*s - 10. Let v(b) = y*o(b) + 5*d(b). Calculate v(5).
15
Let x be 1 - -2 - (-1)/(-1). Let t(v) = -v - 1 + 0*v**2 + 3*v - 3*v + v**x. Suppose 0 = -3*l - l. Determine t(l).
-1
Let u(r) be the second derivative of 1/2*r**2 + 1/3*r**3 + 3*r + 0 + 5/12*r**4. Let j be ((-2)/3*3)/2. Calculate u(j).
4
Let a be (1/(-2))/(2/(-16)). Suppose -2*o - 2*v - 12 = -3*v, a = v. Let s(h) = 4*h - 6*h + 4 + 4*h. Determine s(o).
-4
Let h be 3/((30/(-8))/(-5)). Suppose 0 = 2*c - h*c - 8. Let i(s) = -s**3 - 4*s**2 - 1. Determine i(c).
-1
Let v(p) = 0*p - 6*p + 0*p + 0*p. Determine v(-1).
6
Let d(c) = 2*c**2 - 7*c + 3. Let t(h) = h**2 - 7*h + 4. Let y(o) = -2*d(o) + 3*t(o). Determine y(-8).
-2
Let x(p) = 15*p**2 + 9*p - 17. Let o(m) = -7*m**2 - 4*m + 8. Let f(a) = 9*o(a) + 4*x(a). Let s(t) be the first derivative of f(t). Let l = 2 + -3. Give s(l).
6
Let k(s) = 3*s - 1. Let n be 2/3*(-3)/(-1). Let p = n + -1. Give k(p).
2
Suppose 4*k - 10*k = -18. Let y(h) = 2*h - 4. Determine y(k).
2
Let r = -42 - -44. Let g(j) be the third derivative of -j**r - 7/24*j**4 - 4/3*j**3 + 0 + 0*j + 1/120*j**6 + 1/12*j**5. What is g(-6)?
-2
Let x(m) be the third derivative of m**8/20160 - m**7/1008 + m**6/360 - m**5/20 + 2*m**2. Let v(g) be the third derivative of x(g). Calculate v(3).
-4
Let o(l) = 2*l - 6. Let u be 3 + -1*(1 - -8). What is o(u)?
-18
Let r(h) = h**2 + 5*h + 6. Let t be r(-4). Let q(w) = -w - 3 - 2*w**2 + 3*w**2 - 4*w**t + 5*w. Give q(2).
-7
Let t(w) = w**2 + w + 3. Suppose -13*y + 9*y - 16 = 0. Give t(y).
15
Let d(j) = -j**2 + j + 4. Let w be d(0). Let c(z) = 3*z - 5 + 3*z + 0*z - 2*z. Calculate c(w).
11
Let v be 25/(-9) - (-4)/(-18). Let a(d) = -2 - 3*d**2 - d**2 + 2*d**2 + 17*d - 22*d. Give a(v).
-5
Suppose -3*k - 4 - 8 = 0. Let w(t) = -t**2 - 7*t - 1. What is w(k)?
11
Let l(r) be the first derivative of r**2 - 10*r - 16. Determine l(7).
4
Let w(p) = -2*p**2 - 3 - 23*p**3 + 41*p**3 - 20*p**3 + 3*p. Give w(2).
-21
Let y(w) be the first derivative of -12*w + 3*w - w**2 - 7 + 7*w. Determine y(-4).
6
Let g(u) = 9*u**3 - 11*u**2 + 4*u + 6. Let y(a) = -4*a**3 + 5*a**2 - 2*a - 3. Let d